-1)).
-3
(-6 + -2 + 26 - -1) + 3 + -9
13
-2 + 11 + (-3 - -9) - 36
-21
Calculate -3 + (-9 - (-11 + 4)).
-5
Calculate (3 - 2) + 41 + -46.
-4
What is the value of 12 + 3 + -67 + 49?
-3
What is -1 + -1 - 4 - (-9 - (-1 + -15))?
-13
(-11 - (5 - -4 - 22)) + -21
-19
What is -4 + -15 + (-10 - (-8 + -5))?
-16
What is -8 - -19 - -7 - ((-1 - -4) + 0)?
15
(-2 - -15) + 5 + -20
-2
43 + -24 + -13 + 12
18
What is the value of 0 + 3 + -3 - (8 + -33 - -32)?
-7
Evaluate 24 + 5 + -3 + -10 + -10 + 29.
35
Evaluate (12 - (1 + 6)) + -6 + -20 + 41.
20
(12 + -3 - 2) + 2 + (5 - 2)
12
What is 9 + (17 - 5) + (7 - 12)?
16
-34 + 19 - 10 - (-17 - -3)
-11
Calculate 3 + -4 + 2 + 11.
12
Evaluate -50 + 28 + -2 + -1.
-25
Evaluate 12 - -9 - (118 - 111).
14
-19 - ((9 - 1 - 5) + (4 - 11))
-15
Evaluate 5 + 1 + (-4 - -9) + -8 + 13.
16
What is the value of 68 - 20 - 15 - 18?
15
Evaluate (12 + -19 - 0) + (10 - -1).
4
-14 - (-34 + 12 + -15 - -14)
9
What is 7 - ((-11 - 5 - -26) + -4)?
1
What is -7 - (-20 + 6 + -11 + 7 + 9)?
2
Evaluate (-4 - 3 - -23) + -24.
-8
Evaluate 3 + -10 - 17 - (0 - 12).
-12
What is the value of 7 + -16 + (6 - 11 - -2 - -3)?
-9
Calculate 5 - (-11 - (-2 + -5) - -7).
2
Evaluate (0 - -2) + (-269 - -266).
-1
Evaluate -5 - (1 + (-7 - -7) - 1 - 4).
-1
4 + -20 - (21 - 36)
-1
Calculate (-15 - -21) + -20 + -4 + 8 - 2.
-12
Calculate (11 - 28 - (0 - 15)) + -17 + -1.
-20
(-22 - -16) + (-10 - (10 + -6))
-20
Calculate -1 - 1 - (18 + -29 + 16).
-7
Evaluate -10 + 5 + -8 + 10 + -9.
-12
Calculate -16 + (-10 - -5) + 21.
0
Evaluate 1 - (1 + -3 + 12 + -6 + 0).
-3
Calculate 8 - (-55 - -58 - (-18 + -2 + 2)).
-13
0 + (-124 - -127 - (-1 + -5 + -2))
11
What is (1 - -1) + -4 - (-29 - (-18 + 15))?
24
Calculate (-203 - -204) + (3 - 7).
-3
-20 + -1 + -594 + 617
2
2 + 24 + -9 + -4
13
What is the value of 14 - (0 + -4 - -1) - 6?
11
What is (5 - 18) + 5 - (-20 - -14) - -13?
11
-9 + (-1 - -16) + (-25 - -31) + 3
15
What is the value of (-13 - (-21 - -11)) + (27 + -7 - 1)?
16
Calculate 2 + 9 + (-7 - 22).
-18
What is 10 - (15 + -3 + -10)?
8
What is 6 + (9 - (1 - -28 - 4))?
-10
What is 1 - -6 - (-19 + 23 - 10)?
13
What is the value of 30 + 7 + -19 + 5?
23
What is 3 - (-7 + 2) - ((-20 - -13) + 14)?
1
What is the value of 6 + -16 + 7 + 0 + 13?
10
Evaluate (-1 - -8) + (0 - -1) - 3 - 4.
1
What is the value of -6 + (-19 - -19 - -15)?
9
What is the value of -1 + -15 - (-458 - -450)?
-8
Calculate -4 + (-3 - -11) - -10.
14
Evaluate 8 - (21 - (-4 - -6)).
-11
(-14 - -28 - 24) + 3 + -3
-10
Calculate 16 - (-11 - -38) - -12.
1
Calculate (-10 + -9 - -28) + 4.
13
Evaluate 5 + 28 + (4 - 34).
3
(-18 - -31) + -26 - -10
-3
What is -5 - (-6 + (-7 + 5 - -6)) - -14?
11
Calculate 16 + -4 - (-51 + 53).
10
Evaluate 0 - (1 - ((-3 - -3) + 8)).
7
Calculate (1 - (8 - (6 - 3))) + -4.
-8
What is (1 - -23) + (5 - (18 + (-7 - 11)))?
29
Calculate (2 + 0 - 4) + -11 - (4 - 2).
-15
Calculate (3 - (13 + -13)) + 10.
13
41 + -5 - 42 - 12
-18
Evaluate (-7 - 6) + 13 + (-12 - 0).
-12
What is -25 + 13 + -7 + 8 + -13?
-24
Calculate -1 + 4 + -5 + 1.
-1
Evaluate 420 + -404 + (6 - -3).
25
What is the value of 7 - 3 - ((-37 - -53) + (1 - 4))?
-9
Evaluate (-2 + -4 - (13 - 32)) + 0.
13
What is the value of -11 + 0 + 24 + 40 + -27?
26
What is the value of 17 + (0 - -1) - (-184 - -193)?
9
What is -2 - ((-11 - 2) + -109 + 126)?
-6
Calculate (-4 - (-7 - -4)) + 7 + -11.
-5
Evaluate (11 - (-9 + 13)) + 2 + 0.
9
Calculate -1 + -2 - (5 - (1 - 0)).
-7
Calculate 92 + -61 + 3 + 5 + -17.
22
Evaluate 0 - (8 - (8 + -9) - 8).
-1
What is (-3 - 4) + (-2 - (-6 + 0 + -9))?
6
Calculate -6 + (1 - -6) + -2 + -3.
-4
Calculate -6 + 1 + (-18 - (6 - 12 - 3)).
-14
What is (5 - -9) + 4 + -10 + 2?
10
What is 10 - (-21 + 37 + 6) - (5 - 1)?
-16
Evaluate 5 - ((3 - (8 - 1)) + 12).
-3
What is 11 + (0 - 7) + 1?
5
Evaluate 1 + 1 + -73 + 79 + 6.
14
Evaluate -8 + 10 + (-15 - -11 - (-8 + 1)).
5
What is the value of -6 - (5 + 1 + (-27 + 1 - -3))?
11
Calculate -8 - (5 + -10 + -1) - 13 - -4.
-11
(26 - 4) + (12 - 31)
3
What is the value of -8 - 0 - ((-18 - 24) + 36)?
-2
Calculate 1 + -5 - -1 - (-30 + (-35 - -47)).
15
13 + (105 + -121 - (-3 - 0))
0
Calculate (18 - (16 - 1) - -13) + -32.
-16
Calculate -15 - (5 - -7) - -20.
-7
What is the value of (16 - (-4 + -4 + 12)) + -3 + 2?
11
What is (-32 - -9) + (7 - (4 - 5))?
-15
What is the value of -8 + 23 - (0 - -25)?
-10
What is the value of (-1 - -7) + 25 + -31 - (3 + 3)?
-6
1 + 0 + 18 + (-11 - -9 - -4)
21
Calculate 24 - (-11 + (-15 - -39)).
11
What is -1 + 20 + (-71 - -57)?
5
What is the value of 4 - 8 - (-19 + 32 - (3 + 1))?
-13
Evaluate 6 - (-7 - (-3 + (6 - 3) + -1)).
12
1 + -8 + -7 + 29
15
Evaluate 0 - ((-14 - -1) + -15 + 5).
23
What is 0 + -8 + (12 - 9) + 14?
9
4 - (-7 + (0 - 7) + -5 + 31)
-8
What is -29 - (-15 + 5 + -20)?
1
What is the value of -23 + 13 + 1 + (-2 - -17) + -5?
1
Evaluate -4 - (0 + -7 - 11).
14
What is 3 - -8 - (10 - -5)?
-4
What is the value of (-10 - -23) + -5 + -3?
5
Evaluate -1 - ((1 - 4) + (-2 - (-16 + 16))).
4
Calculate 5 + -14 + -9 + -1 + 7 - -5.
-7
What is the value of -13 - -19 - 10 - (1 - 19)?
14
Calculate (24 - (22 + -15)) + -6.
11
What is -16 + (-3 - (-4 + (-13 - -5)))?
-7
What is the value of 21 - 13 - 2 - (-2 - -3)?
5
What is -7 + (7 + 1 + -15 - -6 - 3)?
-11
What is the value of -103 + 108 + (-2 - -1) + -13?
-9
Calculate -22 + 44 + 2 + 1 + -2 + 0.
23
5 + 0 + -5 + -13 + -1 - -6
-8
(3 - -2) + (5 - 0 - 18)
-8
What is -553 + 555 - (-7 - (1 - 2) - -2)?
6
Evaluate (-23 - (9 + -13 + -5)) + 2.
-12
Calculate -29 - (-6 + -11) - (3 - 0) - 1.
-16
(-950 - -941) + -1 + -3 + 13
0
What is the value of -10 - -3 - (-13 - (-19 - 5))?
-18
Evaluate 15 + -6 - -9 - (2 - -7) - 21.
-12
Calculate -12 - 6 - (-2 + -19).
3
Calculate (-22 - (-22 - -12)) + 12.
0
What is the value of -12 + 11 + 5 + 3 + 2?
9
What is (-10 - -25 - 26) + 11?
0
2 + 17 + (677 - 667)
29
Calculate -2 + 13 + (-4 - -4 - -1) - 17.
-5
2 + (-7 - (-9 + -1) - 1)
4
Calculate 2 - -1 - (-14 + 16 - (-18 + -1)).
-18
Calculate -473 - -409 - (0 - 39).
-25
What is 1 + 0 + (0 + 15 - 11 - -2)?
7
Evaluate (-12 + (-2 - -13) - 2) + 20.
17
What is the value of (-2 - -1) + -27 + 10 + -3 + 7?
-14
What is -2 + 16 + -16 - 10?
-12
-12 + -8 + (0 - -30) + 1
11
Calculate (12 - 22) + 21 + 1 + 0 - -7.
19
Calculate 2 + (-2 - -4) - (-318 + 311).
11
What is the value of 9 - (-10 - -14) - (24 + 2 - 0)?
-21
Evaluate -27 - (-23 + (-31 - -57)).
-30
What is (-23 + 9 - -21 - 9) + (-1 - 2)?
-5
What is the value of (0 - (-10 + 6 + -2)) + (-2 - 6)?
-2
What is 6 + -19 + (18 - 13)?
-8
What is -4 + -5 - -6 - (-2 - 5 - 5)?
9
Evaluate 3 - (9 - (5 + 4 + 4 + 1)).
8
(-31 - -58) + (-33 - 3)
-9
Calculate -3 + 3 + (-6 - -17) + 1.
12
What is the value of 7 - (-16 - (5 + -19))?
9
What is -1 + 1 - (-3 + (-9 - -24))?
-12
What is 2 + -2 + 2 + -1 + 1?
2
Evaluate -5 - (-4 - -8 - (-5 - -15)) - -10.
11
Evaluate 10 + -1 + (-2 - (4 - 1) - -6).
10
Calculate -11 - ((-4 - (-12 - (-2 + 3))) + 11).
-31
Evaluate -7 + -1 + (13 - (23 - 8 - -14)).
-24
Evaluate 2 + 5 + -7 - 12.
-12
Evaluate 5 + 19 + (1 - 28).
-3
Evaluate (8 - 1) + ((20 - -2) + -17 - -2).
14
Evaluate -13 + -12 + (30 - 3).
2
13 - (4 - 20) - 17
12
Evaluate 7 - ((-5 - (-2 - -7) - -1) + 4).
12
Evaluate -37 + 39 + 3 + -25.
-20
Calculate (-1 - (-1 + 11)) + 16 + -73 + 98.
30
What is the value of 4 + -5 + -6 + 13 + -6 + 8?
8
Calculate (15 - 12 - 3 - 4) + 8.
4
Calculate (6 - -1) + (-80 - -34 - -24).
-15
Calculate (-15 - (8 - 21)) + (-1 + 1 - -2).
0
What is the value of -19 - -6 - -2 - -3?
-8
Calculate 2 + (14 + -38 - -19) - (1 + -20).
16
Calculate -16 + 21 + 3 + 1 + 1.
10
Calculate -9 + (-3 - (-17 + 6)) + 1.
0
What is the value of -2 - ((-35 - -14) + 13)?
6
Calculate 34 + (16 - 24 - (-14 - 1)).
41
What is 3 - 7 - (-5 + 4) - (-11 + 10)?
-2
Calculate -20 - -4 - (56 - 63).
-9
Evaluate 31 - (34 - (-24 + -1)).
-28
Calculate -21 - (-36 - -30 - 14).
-1
-45 + 16 - (-3 - 12)
-14
-3 - -50 - (-1 - (-29 + 14))
33
Evaluate 14 + (-10 - (5 - (-5 - -10))).
4
Calculate 215 + -223 + 18 + 1.
11
What is 8 - (59 - 23) - -27?
-1
Calculate (13 - (-5 + 3)) + -16.
-1
Calculate 1 + -3 - (17 + -34 - (1 + -16)).
0
Evaluate (0 + -1 - (-24 - -2)) + -901 + 898.
18
Calculate (10 - 12) + -8 + 18 + -17.
-9
-18 - -60 - 24 - -4
22
Evaluate -11 - (-7 - (-7 + 6 - (-1 - -9))).
-13
Calculate -3 + 1 - (-5 - (-12 - 1 - -8)).
-2
W